he thousands digit of 56041050?
1
What is the hundred millions digit of 352342219?
3
What is the ten millions digit of 154027832?
5
What is the units digit of 229012691?
1
What is the thousands digit of 382598393?
8
What is the hundred millions digit of 2404383470?
4
What is the units digit of 897530323?
3
What is the hundred millions digit of 2830081422?
8
What is the ten millions digit of 1787904488?
8
What is the thousands digit of 1373090007?
0
What is the ten millions digit of 397234474?
9
What is the ten thousands digit of 104423621?
2
What is the thousands digit of 1229536426?
6
What is the ten thousands digit of 3670821598?
2
What is the ten millions digit of 15487948?
1
What is the ten millions digit of 408756480?
0
What is the ten millions digit of 509202221?
0
What is the hundreds digit of 178753408?
4
What is the units digit of 3489136053?
3
What is the units digit of 1936959823?
3
What is the hundred millions digit of 161310695?
1
What is the tens digit of 24489079?
7
What is the hundreds digit of 134345847?
8
What is the hundred millions digit of 3821698668?
8
What is the units digit of 2958753823?
3
What is the thousands digit of 286054000?
4
What is the hundreds digit of 1239217192?
1
What is the thousands digit of 244273778?
3
What is the hundred thousands digit of 111536272?
5
What is the hundred millions digit of 1546832486?
5
What is the units digit of 10497028?
8
What is the thousands digit of 218719498?
9
What is the millions digit of 88491451?
8
What is the ten millions digit of 73097785?
7
What is the hundred thousands digit of 72970917?
9
What is the units digit of 475555093?
3
What is the units digit of 338955815?
5
What is the hundreds digit of 70231880?
8
What is the ten millions digit of 12623405?
1
What is the ten thousands digit of 87121317?
2
What is the tens digit of 1806443222?
2
What is the millions digit of 52987451?
2
What is the ten millions digit of 3865273946?
6
What is the billions digit of 1834186596?
1
What is the hundred millions digit of 124784445?
1
What is the ten thousands digit of 1951238277?
3
What is the ten thousands digit of 398700383?
0
What is the units digit of 2656936840?
0
What is the ten millions digit of 205114726?
0
What is the millions digit of 39539470?
9
What is the hundred millions digit of 1443414993?
4
What is the hundred thousands digit of 239315135?
3
What is the thousands digit of 108842849?
2
What is the hundreds digit of 236192571?
5
What is the thousands digit of 11666474?
6
What is the hundreds digit of 34008951?
9
What is the ten millions digit of 1988394637?
8
What is the tens digit of 71107783?
8
What is the hundred millions digit of 3400344173?
4
What is the ten millions digit of 74348480?
7
What is the ten thousands digit of 463544811?
4
What is the tens digit of 19722890?
9
What is the ten thousands digit of 958671965?
7
What is the tens digit of 225199089?
8
What is the hundreds digit of 1408722409?
4
What is the ten thousands digit of 4783844501?
4
What is the hundreds digit of 263826300?
3
What is the units digit of 2469098766?
6
What is the hundreds digit of 21589057?
0
What is the hundred thousands digit of 337455656?
4
What is the ten millions digit of 264051230?
6
What is the millions digit of 4100195539?
0
What is the units digit of 923390987?
7
What is the ten millions digit of 114249888?
1
What is the hundred millions digit of 261930529?
2
What is the hundred millions digit of 864945510?
8
What is the units digit of 3147304702?
2
What is the tens digit of 444274966?
6
What is the thousands digit of 111850484?
0
What is the tens digit of 76294040?
4
What is the thousands digit of 75672010?
2
What is the billions digit of 2696800017?
2
What is the ten thousands digit of 418776935?
7
What is the hundreds digit of 143001129?
1
What is the hundred thousands digit of 322368679?
3
What is the hundred millions digit of 6127149267?
1
What is the hundreds digit of 178414013?
0
What is the ten thousands digit of 630002439?
0
What is the ten thousands digit of 4907631536?
3
What is the millions digit of 63151625?
3
What is the ten thousands digit of 940080249?
8
What is the millions digit of 145371147?
5
What is the hundred thousands digit of 966776066?
7
What is the tens digit of 71433766?
6
What is the ten thousands digit of 346977574?
7
What is the hundreds digit of 764275972?
9
What is the ten millions digit of 11742233?
1
What is the hundred thousands digit of 14168226?
1
What is the hundreds digit of 1485366190?
1
What is the tens digit of 770321585?
8
What is the hundred thousands digit of 1077014149?
0
What is the ten millions digit of 46866123?
4
What is the ten thousands digit of 439502784?
0
What is the units digit of 12134786?
6
What is the hundred millions digit of 248102233?
2
What is the hundred millions digit of 1332630346?
3
What is the tens digit of 15160822?
2
What is the hundreds digit of 258919325?
3
What is the ten millions digit of 727002549?
2
What is the tens digit of 328318049?
4
What is the hundred thousands digit of 107401098?
4
What is the ten millions digit of 105454644?
0
What is the tens digit of 299708280?
8
What is the hundred thousands digit of 46086835?
0
What is the hundreds digit of 365851117?
1
What is the ten millions digit of 3582109472?
8
What is the millions digit of 672241437?
2
What is the tens digit of 131375703?
0
What is the ten millions digit of 1601257523?
0
What is the units digit of 157890576?
6
What is the tens digit of 20646823?
2
What is the millions digit of 898912062?
8
What is the hundreds digit of 148017215?
2
What is the millions digit of 172777955?
2
What is the hundred millions digit of 9362203023?
3
What is the hundred millions digit of 106080707?
1
What is the tens digit of 459417717?
1
What is the tens digit of 8674959?
5
What is the ten millions digit of 61085650?
6
What is the ten millions digit of 4051751247?
5
What is the hundred millions digit of 553985103?
5
What is the hundred thousands digit of 33961538?
9
What is the hundred thousands digit of 31005952?
0
What is the billions digit of 2516197103?
2
What is the hundreds digit of 44884928?
9
What is the ten millions digit of 7197172068?
9
What is the millions digit of 9824090?
9
What is the thousands digit of 33830947?
0
What is the tens digit of 102215193?
9
What is the units digit of 420541308?
8
What is the ten millions digit of 45384460?
4
What is the hundred millions digit of 1625843703?
6
What is the hundreds digit of 99051189?
1
What is the hundred thousands digit of 341441564?
4
What is the hundreds digit of 1638860874?
8
What is the ten millions digit of 534460769?
3
What is the hundred millions digit of 491592300?
4
What is the hundred millions digit of 4326646611?
3
What is the ten millions digit of 7303727985?
0
What is the ten thousands digit of 45921367?
2
What is the ten thousands digit of 254780863?
8
What is the millions digit of 881174741?
1
What is the hundreds digit of 28873087?
0
What is the hundred millions digit of 2056758334?
0
What is the ten millions digit of 16258411?
1
What is the ten millions digit of 15952739?
1
What is the tens digit of 783324888?
8
What is the tens digit of 2807013718?
1
What is the ten millions digit of 2219125787?
1
What is the millions digit of 88353790?
8
What is the hundred millions digit of 1045649387?
0
What is the hundred thousands digit of 6155687?
1
What is the tens digit of 651776523?
2
What is the hundred millions digit of 377751576?
3
What is the hundred thousands digit of 1388544817?
5
What is the ten thousands digit of 2642896429?
9
What is the millions digit of 2467074316?
7
What is the tens digit of 180592841?
4
What is the units digit of 45176253?
3
What is the hundreds digit of 128915610?
6
What is the tens digit of 200099750?
5
What is the thousands digit of 124204772?
4
What is the ten millions digit of 4910666666?
1
What is the ten millions digit of 56505690?
5
What is the millions digit of 376542162?
6
What is the units digit of 48081644?
4
What is the thousands digit of 4892210022?
0
What is the millions digit of 153723967?
3
What is the hundred thousands digit of 82241377?
2
What is the tens digit of 49402925?
2
What is the hundred thousands digit of 1076141789?
1
What